.
47
Suppose k = -5*k - 120. List the prime factors of (130/4)/((-10)/k).
5, 13
Let c = -87 - -44. Let f = 49 - c. Suppose -3*l = -4*n - f, l - 8*n = -4*n + 28. List the prime factors of l.
2
Suppose -r - 2*r - 3 = 3*x, -2*r - 4 = 0. Let v = x + 3. Suppose -v*j + 25 = -67. What are the prime factors of j?
23
Let i(g) = 41*g - 533. Let j be i(13). Let w be (-1 + 1)*-1 + 3. Suppose j = -4*a - 0*b - 2*b + 46, w*a - 3*b = 57. What are the prime factors of a?
2, 7
Suppose 1313 = 2*a + c, 5*a - 31*c = -36*c + 3285. List the prime factors of a.
2, 41
Let d = -1603 + 2835. List the prime factors of d.
2, 7, 11
Let j(w) = -w**3 - 19*w**2 + 81*w + 23. What are the prime factors of j(-24)?
7, 137
Let t(q) = q**3 + 19*q**2 - 46*q + 13. List the prime factors of t(-21).
97
Let i(l) = 2*l**3 + 5*l**2 - 7. Let x(g) = -g**3 - g**2. Let p(h) = i(h) + x(h). List the prime factors of p(3).
2, 7
Let j(p) = 2*p**2 + 25*p + 9. What are the prime factors of j(14)?
751
Suppose 2*w - 454 - 854 = 0. Suppose -3*x = 198 - w. What are the prime factors of x?
2, 19
List the prime factors of (-1797)/(-3) - (-9 - -16).
2, 37
Suppose 5 = s + 38. Let v be (1*-2)/((-6)/s). What are the prime factors of 2/1 - (v + -5)?
2, 3
Let f(g) = -666*g - 280. What are the prime factors of f(-5)?
2, 5, 61
Let b(w) = 4*w + 34*w - 17*w + 9 + 16. What are the prime factors of b(7)?
2, 43
Suppose -2*m + 4*u - 28 = m, -5*u - 19 = 3*m. What are the prime factors of (1 + (-3)/(-9))/(m/(-504))?
2, 3, 7
Let t(l) be the second derivative of -l**3/3 + 27*l**2/2 + 6*l. Let o(v) = 6*v - 82. Let y(k) = -5*o(k) - 14*t(k). What are the prime factors of y(0)?
2
Let f(t) = 4 + t**3 - t**2 - 6*t**2 + 2*t**2. List the prime factors of f(5).
2
Suppose -4*k + 4*x + 64 = 12, 3*x - 12 = 0. Suppose -158 - k = -5*b. List the prime factors of b.
5, 7
Suppose 5*m - 6478 = -p, 5*m - p = 9*m - 5182. What are the prime factors of m?
2, 3
Let g = 45 - 46. List the prime factors of ((-35)/(-15) + g)*42.
2, 7
Suppose -7*n = -2*n - 10. Let q be (189/14)/((-1)/n). Let j = -12 - q. What are the prime factors of j?
3, 5
Suppose 0 = j + 5*b - 7, -5*j + 4*b - 24 = -88. Let a be 1/(-4)*(0 - j). Suppose a*y = -y + 68. List the prime factors of y.
17
Suppose -4*c - 20 = -4*q, 5*q = q - c + 45. Suppose 0 = 18*d - q*d - 1216. List the prime factors of d.
2, 19
Let n(h) = -h**3 - 4*h**2 - 9*h - 32. List the prime factors of n(-6).
2, 47
Let h(z) = -z**3 + z**2 - 1. Let o be -4 + 3 + 2 + -2. Let j be h(o). What are the prime factors of (-693)/(-18) + j/(-2)?
2, 19
What are the prime factors of (-6624)/(-39) - ((-60)/52 - -1)?
2, 5, 17
Suppose 4*u = -d + 7794, -13*d + 16*d = -u + 1943. List the prime factors of u.
1949
Let p(t) = t**3 + 21*t**2 + 39*t - 25. List the prime factors of p(-14).
3, 89
Suppose -6*a + 7*a + 3 = 0. List the prime factors of -1 - (a + (-96)/3).
2, 17
Suppose -3*z = -z - 32. Suppose 4*o + 4*s = z, 8*o - 3*o = s + 38. What are the prime factors of -8*((-140)/16)/o?
2, 5
Let r(o) = -5*o**3 - 14*o**2 + 9*o - 6. Let z(m) = -m**3 - m**2 + m - 1. Let w be ((-2)/(-4))/(3/36). Let n(t) = w*z(t) - r(t). List the prime factors of n(5).
2, 3, 5
Let t(a) be the first derivative of a**3/3 - 3*a**2 - 6*a + 2. Let k be t(8). Let p(i) = -i**3 + 9*i**2 + 12*i + 11. List the prime factors of p(k).
31
List the prime factors of (-84)/(-10)*(-3850)/(-21).
2, 5, 7, 11
Let m = -134 - -152. Suppose -2*r = -4*a - 80, 3*a + 60 - m = r. List the prime factors of r.
2, 3
Let i be 137 + (3 + -6 - -5). Let u = 243 - i. Suppose 8*d - 10*d + u = 0. What are the prime factors of d?
2, 13
Suppose 54 = i - 3*i. Let z = i + 57. Let g = z - 21. List the prime factors of g.
3
Let z(t) = 3*t**2 - t + 1. Let n be z(1). Suppose n*b + 2*b + 5*d = 980, -5*d = -4*b + 829. List the prime factors of b.
3, 67
Let t(v) = 58*v**2 + 2*v + 1. Let y(j) = j**3 + 4*j**2 - 4*j + 4. Let k be y(-5). Let l be t(k). Suppose 4*b - 11 - l = 0. List the prime factors of b.
17
Let t(i) = 3*i**2 - 6*i + 7. Let v be -2 - (-3 + (-1 - 1)). Suppose 0 = -4*j + v*w, -4*j - 2 = -5*w + 6. List the prime factors of t(j).
2
List the prime factors of 232 + -8 - (11 + -5).
2, 109
Let n(j) = 5*j. Let b be n(2). Let d(p) = -p**3 + 9*p**2 + 10*p + 3. Let g be d(b). Suppose 6*y - 36 = g*y. What are the prime factors of y?
2, 3
Let k = 371 - -512. List the prime factors of k.
883
Suppose 0 = 112*p - 128629 - 436299. List the prime factors of p.
2, 13, 97
Suppose 168*u = 161*u + 4228. List the prime factors of u.
2, 151
Let c = 162 + -149. List the prime factors of c.
13
Suppose 38 + 25 = 21*d. Suppose -3*m + 3*f = -8*m + 5, 2*f + 6 = -m. Suppose 4*c + c = 3*o + 28, m*c - 44 = -d*o. What are the prime factors of c?
2
Suppose -10*u + 5*u = -4*n + 351, n + 3*u = 75. List the prime factors of n.
2, 3, 7
Let d(j) = -3 + 2*j**2 - j**2 + 17 - j. Suppose 0 = -42*w + 19*w. What are the prime factors of d(w)?
2, 7
Suppose -3542 = 220*s - 227*s. List the prime factors of s.
2, 11, 23
Suppose -3*z + 135 = 4*r, r = -3*r + 12. Suppose 5*d = 156 - z. List the prime factors of d.
23
Let z(g) = 1 + 3*g**2 + 25 - 4*g**2. Let k = 23 + -23. List the prime factors of z(k).
2, 13
Suppose -74*n = -81*n + 7399. What are the prime factors of n?
7, 151
Let o be (-4)/10 + (-44)/(-10). Suppose -5*n = -v, 5*n - o*v = 4*n. Suppose z + 4 = -5*d, 3*d = -6 - n. List the prime factors of z.
2, 3
Let x = -19 - -9. Let b(n) = -n**2 - 10*n + 5. Let h be b(x). Suppose -h*j = 5*l - 3*l - 101, 0 = 5*j + 15. List the prime factors of l.
2, 29
Suppose -32*t - 2425 + 13177 = 0. List the prime factors of t.
2, 3, 7
Let q(d) = d**2 + 18*d + 19. Suppose 2*b = -3*i - 43, 39 + 15 = -2*i + 5*b. List the prime factors of q(i).
2
Let c(v) = v + 199. List the prime factors of c(33).
2, 29
Let b = 16 + 185. List the prime factors of b.
3, 67
What are the prime factors of 1/(-8) - (1 + 2241/(-8))?
3, 31
Suppose 2*d - 5 - 1 = 0. Suppose 0 = -m + 6*m - d*u - 9, -4*m = 5*u - 22. List the prime factors of m.
3
Suppose 8909 = 4*p - 1215. What are the prime factors of p?
2531
Let j(h) = 16 + 2*h**2 - 8*h + 12*h - 5. List the prime factors of j(5).
3
Let j = 389 - -105. List the prime factors of j.
2, 13, 19
Let s(k) = 13 + 8 - 8 + 2*k + k. List the prime factors of s(12).
7
Let k be (-18)/99 - (-24)/11. Suppose -4*m + 7 = 3*l, -4*l - k*m = -7 + 1. Suppose -5*q = l - 246. What are the prime factors of q?
7
Let b = -37 - -79. List the prime factors of b.
2, 3, 7
Let m = -3 - -1. Let k be (2 + -1)*(4 + m). Suppose -28 = -b - 3*u, -11 = -4*b + k*u + 31. List the prime factors of b.
13
Suppose 0*l = 3*l - 12. Suppose 4*i - 8 = l*s + 8, 5*i = 3*s + 18. List the prime factors of i - (-12 + (-7 - -4)).
2, 3
Let g = -170 - -1509. What are the prime factors of g?
13, 103
Let n(u) = 3*u**2 + 5*u - 11. List the prime factors of n(-7).
101
Suppose 0 = -0*s - s + 4*k + 879, s - 875 = 2*k. What are the prime factors of s?
13, 67
Suppose 5*s - 6*k + 7*k = 6532, -3914 = -3*s + 2*k. List the prime factors of s.
2, 653
Let f = -95 + 233. Suppose -6*c = -0*c - f. What are the prime factors of c?
23
Suppose -2*u = 3*j - 12 - 2, 2*j + 4 = 2*u. Suppose -4*f - u*v + 86 = 6, 3*v + 42 = 3*f. Suppose 0 = -5*k + 218 + f. List the prime factors of k.
47
Suppose -4*o + 59 = -77. Let y be (527/o)/(1/6). Suppose 3*s + s = 3*m + 85, 5*m - y = -4*s. What are the prime factors of s?
2, 11
Let b = -67 + 133. Let o be 342/b - (-2)/(-11). Suppose o*l - 3*p - 198 = 0, 0 = 5*l + p - 6*p - 190. List the prime factors of l.
2, 3, 7
Suppose -69*o + 65*o - 276 = 0. Let y be -111*(-3 - -2 - 0). Let t = o + y. What are the prime factors of t?
2, 3, 7
Let r be 2/(-4)*-14*1. Suppose -101 = -9*j - 2. Let l = j - r. List the prime factors of l.
2
Let w = -11 + 10. Let o be w*(-74)/6*3. Suppose -83 - o = -4*g. What are the prime factors of g?
2, 3, 5
Let x(b) = -2*b + 9. Let y be x(4). Let u be (-2 - y)/12*4. What are the prime factors of 20 + u + 0 + 2?
3, 7
Suppose t + 4 = 7. Let f(a) = -5*a - 2. Let x be f(t). Let q = x + 20. List the prime factors of q.
3
Let d be 1 - (0 + 2)*-1. Suppose 6 = -3*a - d*b, -3*b = a + 2*b + 10. List the prime factors of 14 + (-1 - a/5).
13
Let s(l) = l**3 - 2*l**2 - 49*l - 19. List the prime factors of s(12).
7, 17
Suppose -n + 6*n + 489 = 3*p, 351 = 2*p + 5*n. Li